) - -4).
0
7 + -9 + -2 + 1 + -2
-5
Evaluate -6 - ((-2 - 8) + -2).
6
What is the value of 3 + -5 - (3 + -3)?
-2
Evaluate -45 - -30 - (3 - 25).
7
Calculate 6 - (-5 + (-2 - (2 + -10))).
5
What is 3 + 0 - (190 + -185)?
-2
Evaluate (1 - (11 - 6)) + 3.
-1
5 + -8 - (0 - 3)
0
-5 - (-10 + -3 + 5) - 8
-5
What is the value of (0 - -1) + -16 + 13?
-2
What is 0 - (11 - (2 - -5)) - 2?
-6
What is the value of -4 + (-2 - (-7 + 5)) + 0?
-4
Evaluate -5 - (-7 + -4 + 4).
2
Calculate (-3 - 0 - (-14 + 5)) + -1.
5
Evaluate (-11 - -5) + 7 + -3 + 4.
2
Evaluate (-2 - -13) + -3 + 0.
8
-7 - (2 + -5) - (-9 - -8)
-3
Evaluate (0 - 23) + 17 - (0 - 1).
-5
15 + -16 - (-2 - 2)
3
What is 0 - -5 - (3 + -1 + 4)?
-1
What is the value of 8 - 17 - -4 - -5?
0
0 + (-5 - ((6 - 6) + -1))
-4
What is -3 - ((0 - -1) + (-3 - -4))?
-5
What is the value of (-18 - -11) + 4 - (1 + -4)?
0
What is 10 + (-1 - 2) + -2?
5
What is 3 + 2 + -3 - -5?
7
What is the value of 1 + 1 + (-16 - (-15 - 3))?
4
What is -1 + -5 + -4 - -6 - 1?
-5
-28 + 26 - (1 - 1)
-2
-3 - (0 + 1 + -4)
0
What is 0 - -8 - (-9 + 10) - 4?
3
What is the value of (-3 - -16) + -14 + 10?
9
Calculate 1 + -8 + (10 - 3) + -3.
-3
-4 + 0 + 0 + -19 + 23
0
-6 + 13 + -15 + 11
3
What is the value of -5 + 3 + 2 - (2 + 3)?
-5
What is the value of (-3 + 6 - 1) + -7?
-5
Calculate 2 + (2 - 7) - (-7 + 0).
4
What is the value of -5 - (2 - 5) - 1 - 0?
-3
What is the value of (3 - (5 - -3)) + (-25 - -38)?
8
What is -2 + (2 - -4 - (-3 - -2))?
5
Evaluate 0 - (3 + -8 - (12 + -16)).
1
-158 - -158 - (-1 + -2)
3
What is 2 + -1 - (4 + -2)?
-1
Evaluate 8 + -5 + (1 - 6).
-2
What is -2 - -3 - 7 - (-2 + -1)?
-3
Calculate 65 + -63 - (0 + -2 - -5).
-1
Evaluate (-35 + 4 - -15) + 13.
-3
What is the value of 9 + -1 + 56 + -59 + -1?
4
What is the value of 0 + (3 - (-3 + 8)) + 6?
4
Calculate (1 - 0) + 1 + (-1 - 2).
-1
Calculate 1 + 3 + (-29 - -29).
4
What is the value of (-3 - -4) + (4 - 2)?
3
What is the value of 1 - -3 - (-1 - (-6 - 2))?
-3
Evaluate 10 + 1 + -2 + -4.
5
What is the value of 5 - 5 - (0 - (0 - 0))?
0
Evaluate -1 + 15 - (-38 - -44).
8
11 + (6 - 13) - -4 - 4
4
Calculate -1 - (8 + 1) - -10.
0
What is the value of (2 + 3 - 8) + (0 - -2)?
-1
Evaluate (-14 - -10) + (5 - 3).
-2
What is (-12 - -21) + -9 + -6?
-6
-12 + (6 - 0) + 8
2
Evaluate -1 + (2 - 2) - (-17 - -12).
4
What is the value of (2 - -3) + -2 + -2?
1
Calculate (7 - (4 - 9 - -8)) + 3.
7
Evaluate (0 - (-1 + -1)) + 2.
4
Evaluate (-6 - -6 - -1) + 0 + 0.
1
(0 - (4 - -1)) + 7
2
Calculate (16 - 6) + (1 - 7).
4
Calculate -1 - ((-1 - (7 - 5)) + 7).
-5
What is (10 - 2) + (-2 - 1 - 0)?
5
Evaluate -13 + 0 + 6 - (10 + -17).
0
What is the value of 5 + 1 + 2 + 3 - 4?
7
-4 - (0 + -1 + -1) - -4
2
What is (-5 - -2) + -1 + 4?
0
5 - (0 - (-6 + 1))
0
What is -5 - (-9 + 5 + 3)?
-4
What is the value of (-1 - -3) + -7 + 1?
-4
4 - -5 - (-4 + 16)
-3
Calculate (-4 - (-4 + 3)) + 3.
0
What is the value of 5 - (0 + 1) - (-14 - -18)?
0
What is the value of 3 + 2 + 1 + 61 + -63?
4
What is (2 - 1 - -1) + -4?
-2
Calculate (-37 - -8) + 11 - -8.
-10
Evaluate 5 + -4 + -1 + 8 + -2.
6
Calculate 2 - 0 - -5 - (11 - 8).
4
What is -17 + (5 - 5 - -9)?
-8
What is 14 - 7 - (12 - (4 + 0))?
-1
What is the value of 5 - (-2 - -3 - (0 - 5))?
-1
(0 - (-9 + 5 + -2)) + 3
9
Calculate 5 + -10 + (-1 - -11).
5
What is -4 + 7 - 1 - (-7 - -6)?
3
What is the value of -2 + (-1 - 1) + 5 + -5?
-4
(2 - 1) + -9 + 5
-3
What is 11 + (1 + 1 - 5) + 1?
9
16 - 3 - (13 - -2)
-2
-5 + 1 - (106 - 116)
6
Calculate 8 + -1 - (54 + -41).
-6
Calculate -3 - (-9 - (2 + -7)).
1
Evaluate -3 - (4 + -5) - (-5 + 12).
-9
What is 0 - (-5 - -6) - 2?
-3
What is -5 - 1 - (-1 + -3)?
-2
What is the value of -11 - (-2 + 2) - -11?
0
What is 13 - (-2 - -18) - (3 + 0)?
-6
Calculate 2 - (-11 + 10 - -8).
-5
Calculate (-5 - -4 - -1) + 1.
1
What is -6 - -1 - (-5 - -6 - 3)?
-3
(8 - 9) + (-1 - -8) + -1
5
What is the value of (0 + -2 - 1) + (0 - 2)?
-5
Calculate 2 + (-5 - -3) + 4 + -4.
0
-7 - 0 - ((4 - 3) + -1)
-7
-4 + -5 + (6 + -6 - -11)
2
Evaluate 58 + -56 - (3 - 8).
7
Evaluate -33 + 30 - (2 - 0).
-5
What is (-3 - 2) + (-8 - -6) + 8?
1
Calculate -5 - -6 - (1 - (0 + 5)).
5
Evaluate -3 + 15 + -5 + -4.
3
Evaluate 0 + (-11 - (-8 - 1)).
-2
-5 + -1 - (-11 - (-10 - -7))
2
-7 + -6 + 15 + -8 + 1
-5
Evaluate 10 - ((-5 - -2) + 9).
4
What is 5 + -7 + 3 + -3?
-2
What is ((-11 - -4) + 12 - -1) + -1?
5
What is 3 + (-4 - -10 - 10)?
-1
Calculate 1 + 4 + (-12 - -12 - 11).
-6
-3 + (4 - 6 - -5)
0
Evaluate -14 - (11 - (31 - 9)).
-3
Evaluate (2 - -1) + (-7 - (0 + -4)).
0
Calculate 12 + (-3 + (5 - 8) - -1).
7
3 + (-6 - 7) + 4
-6
What is the value of -15 - -14 - (0 + 0)?
-1
8 - (7 - 3) - 9
-5
What is -7 - (-9 - -8) - (4 - 9)?
-1
What is -1 + -3 + (0 - (1 + -3))?
-2
Calculate -5 + 3 + 10 + -5.
3
Calculate -17 - -9 - -10 - -7.
9
Evaluate 5 + 0 + (-14 - -4 - -11).
6
Evaluate (0 - -5) + 0 + (-3 - -2).
4
Calculate -1 - (-2 + -6 + 0 + 2).
5
Calculate 6 + 10 + -9 + 0.
7
What is the value of (10 - (-10 - -16)) + -8?
-4
Calculate -3 + (-7 - (-7 + 1)).
-4
What is the value of -14 - (-7 + (3 - 5))?
-5
What is (-1 - (10 - 6)) + 0 + 4?
-1
What is the value of -4 - (2 - 4 - -3)?
-5
Evaluate -10 - (3 + -3) - (0 - 5).
-5
Calculate 3 + (12 - 23) + 7.
-1
Evaluate -4 - (3 + -4 + 1 + -4).
0
What is (10 - 10 - 13) + 9?
-4
What is the value of 0 - -6 - (9 - 2)?
-1
Calculate 1 - (-5 - (2 + -4)).
4
What is the value of 1 + 1 + -2 - (-1 + 0)?
1
What is 3 + (0 - (1 - 0)) - 3?
-1
(16 - (17 - 9)) + -7
1
What is -4 + 5 - (-1 + (1 - -5))?
-4
What is the value of (1 - -1 - 4) + 0?
-2
Calculate -2 + 2 + 0 + (-8 - -5).
-3
What is the value of 6 + -2 + (-10 - -11)?
5
Evaluate -3 + 4 + 7 + -4.
4
What is -4 + 8 + -4 + 3 - 2?
1
Calculate 3 - 0 - (-2 - (8 + -11)).
2
What is the value of (21 - 19) + (0 - -1)?
3
Calculate -4 + 2 + 2 - -2.
2
What is the value of 7 - (2 - (-14 + 5))?
-4
4 - ((-2 - -3) + -4 + 5)
2
What is the value of (0 - -1 - -1 - -3) + -4?
1
Evaluate 0 - -4 - (14 - 11).
1
Evaluate (-8 - -6) + (0 - -2).
0
What is -5 - (3 + 3 - 5)?
-6
What is the value of (4 - (-1 + 1)) + 1 + -2?
3
What is the value of 12 + -6 + -1 + -3 - -2?
4
-7 + 14 - (5 - (4 - 5))
1
Calculate -5 - (3 - 11) - 7.
-4
What is the value of -1 - (-11 + 3) - (4 + -1)?
4
Calculate 2 + 2 + (-16 - 0 - -6).
-6
Calculate 3 + 10 + -2 - (-8 - -14).
5
What is -9 - (-10 + 4 + -4)?
1
What is 4 - (2 - 5 - -3) - 2?
2
Calculate 1 - -2 - (-20 + 28).
-5
-1 + 1 + -4 + -1
-5
Evaluate (7 - 1 - 6) + 6.
6
6 + (1 - (-6 + 3) - 7)
3
-1 - (-2 - (-4 + 0) - 5)
2
2 + (-6 - 4) + 5 + 3
0
Evaluate -1 + (7 - ((4 - 0) + -2)).
4
What is (4 - (4 - 1)) + 2 - 5?
-2
What is the value of -5 + 3 + 2 - 1?
-1
What is (-1 - 3) + (-2 - -14 - 5)?
3
Calculate -1 - ((2 - 5) + 1).
1
What is the value of 9 - (-10 - -6 - -10)?
3
Calculate (-10 - (-11 + -4)) + (1 - 1).
5
What is 4 - (0 + 3 + 1 - 4)?
4
2 - (10 + -6 - 2)
0
Evaluate -1 - (1 - -2 - (0 - 0)).
-4
8 - (4 + (2 - (2 - -1)))
5
What is the value of 1 - 1 - (-19 + -3 + 23)?
-1
What is -5 + (4 - (-5 - -5))?
-1
-1 + 3 + 6 - (39 + -35)
4
What is the value of (3 - -1) + (8 + -3 - 4)?
5
What is (-2 - 8) + 16 - (4 + 0)?
2
Calculate 4 + (-3 - 5) - (-10 + 0).
6
What is the value of 7 + -3 + 5 - 6?
3
(16 - 8) + -3 + 2 + -2
5
21 + (5 - (9 + 6))
11
What is the value of -5 - ((0 + 0 - 3) + 3)?
-5
What is the value of -2 - (-5 - (4 + (-7 - -3)))?
3
Calculate 9 - 5 - (9 - (-10 - -7)).
-8
What is -3 + (8 - 2) + -6 - -3?
0
Calculate -2 - (1 + -1) - 2.
-4
Calculate (5 - 3 - 4) + 6.
4
What is the value of -1 + 5 + (8 - 5) + -4?
3
Evaluate -1 - 0 - 4 - -2.
-3
What is the value of -34 - -37 - (-3 - (-2 - -1))?
5
What is the value of -3 - (0 + -5) - (-1 - 5)?
8
Calculate 1 - (14 - (12 - 4)).
-5
What is -1 + 1 + -23 + 25 + -2?
0
What is the value of -5 + 2 + -2 - -4?
-1
What is (5 - 15) + 7 + 0?
-3
What is the value of 5 + (-1 - (5 - 3)) - 2?
0
What is -9 + (3 - -13) - (-2 + -2)?
11
What is the value of 0 + (0 + 3 - (0 + 0))?
3
What is the value of 0 + 4 + (-9 - 3) - -19?
11
What is the value of (-11 - 2) + (-1 - -6)?
-8
What is -1 + 7 - 9 - 0?
-3
Evaluate (11 - (-3 - -7)) + 2 + -6.
3
What is 8 + -3 + 10 - 13?
2
What is -5 + 5 + 2 + -3 + -3?
-4
Calculate 0 + (-1 - -1 - (-31 - -35)).
-4
Evaluate 3 + 11 + -7 + 3.
10
Calculate (4 - 0) + 1 - (3 - -10).
-8
What is -3 + 3 + 1 + (6 - 4)?
3
Calculate 1 + -2 - 